est common divisor of 70 and r?
14
Let y = 730 + -654. What is the greatest common factor of 38 and y?
38
Suppose -6*d - 40 = -26*d. Suppose 0*r + 3*r - 26 = m, -5*m = -2*r. What is the highest common divisor of r and d?
2
Let p(c) = 8*c + 2. Let f = 13 + -7. Let g(j) = j**2 - 5*j - 4. Let r be g(f). Let z be p(r). What is the highest common divisor of z and 2?
2
Let q(k) = -11*k - 2. Let z be (1/(-2))/(1/2). Let s be q(z). What is the greatest common factor of s and 6?
3
Let x = -520 - -545. Calculate the highest common divisor of x and 1250.
25
Suppose 2*z + 68 - 336 = -5*l, 0 = 3*z - 12. Calculate the greatest common factor of l and 364.
52
Let q(d) = 3*d + 1. Suppose m + m = 6. Let x be q(m). Suppose -2 + 262 = 26*r. Calculate the highest common factor of x and r.
10
Suppose 4*j + 7402 - 1752 = 5*n, 3*n - 3397 = j. Calculate the highest common factor of n and 84.
42
Let b be 11 - (0 - 1) - (1 - 0). Suppose 0*r - 3069 = -b*r. What is the greatest common divisor of r and 31?
31
Suppose -2 + 0 = a. Let w be (a - -5)*(-26)/(-3). Calculate the highest common divisor of 234 and w.
26
Let f be -7 + (-213)/(-3) + 4. Calculate the greatest common divisor of f and 340.
68
Let x = -75 + 100. What is the greatest common divisor of x and 15?
5
Let t(s) = -12*s - 10. Let k be t(-4). Suppose 4*l = -3*p + 482, 3*l = 2*p - 331 + k. What is the highest common factor of 22 and p?
22
Let q be (-2034)/(-36)*(0 + -2). Let j = -25 - q. Suppose -8 = -z - 0. Calculate the highest common factor of z and j.
8
Suppose -3*j + 12 = 0, 2*d = -2*d - j + 12. Suppose 0 = d*l + 3*l - 225. Let a = l + -27. What is the highest common factor of 54 and a?
18
Let f(c) = 4*c - 11. Let g be f(3). Calculate the highest common factor of 10 and g.
1
Let w(r) = 3*r**3 - 6*r**2 - 10*r + 7. Let l be w(4). What is the greatest common factor of 45 and l?
9
Let r be 1*-1*4 + -33 + 51. Let y = 30 - 16. Calculate the highest common factor of r and y.
14
Let u(b) = b**3 - 33*b**2 + 175*b - 81. Let h be u(27). Let x(a) = 108*a**3 - a**2 + 2*a - 1. Let y be x(1). What is the greatest common divisor of h and y?
54
Let x = -125 + 367. What is the highest common divisor of 22 and x?
22
Let q = 1229 + -637. Calculate the greatest common factor of q and 37.
37
Let m(a) = -7*a. Suppose -21 = 7*l - 4*l. Let k be m(l). What is the highest common factor of 7 and k?
7
Let u(p) = -p**3 + 5*p**2 + 7*p + 2. Suppose -64 - 2 = -11*d. Let o be u(d). Calculate the highest common divisor of 136 and o.
8
Let p(j) = -2*j + 3. Let w(c) = c - 1. Let x(u) = 4*p(u) + 9*w(u). Let a be x(5). Let v = a + 0. What is the greatest common factor of 12 and v?
4
Let i be (-53)/(-8) + 54/144. Calculate the highest common divisor of i and 5.
1
Let s = 1 + -6. Let a = 11 + s. Suppose 2*l - a = -2*m, -3*l - 15 = -3*m - 0*l. What is the highest common factor of m and 28?
4
Let j be (252/(-3))/((-9)/6). Suppose 0 = 2*g + 2*v - 29 - 9, -3*g = -v - 37. Suppose b + g = 2*b. What is the greatest common factor of b and j?
14
Let z = 63 - 37. Let w(r) = r**3 + 2*r**2 + 65. Let u be w(0). Calculate the highest common factor of u and z.
13
Let d = -4 - -7. Suppose -d*a - 4*m = -69, 5*m + 51 = -4*a + 142. What is the greatest common divisor of a and 171?
19
Let u = 660 - 378. Suppose 354 = -0*m - 2*m. Let v = u + m. Calculate the highest common divisor of v and 15.
15
Let a(w) = w**2 + 12*w + 22. Let i be a(-22). Suppose -10*n - i = -11*n. What is the greatest common factor of n and 22?
22
Let s be -3 + 67 + -3 + -1. Let i = s + -30. Let w(y) = -4*y - 69. Let q be w(-21). Calculate the greatest common factor of q and i.
15
Suppose 12*r - 17*r = -4*t + 416, t - 2*r - 101 = 0. Calculate the highest common divisor of t and 872.
109
Let m(d) = 6*d + 8. Let f be m(-5). Let s = f + 16. Let t = s + 42. What is the greatest common factor of 54 and t?
18
Let j(x) = x**2 - 6*x - 50. Let n be j(-5). Suppose l - 33 = -n. What is the greatest common factor of 14 and l?
14
Let m be ((-6)/4)/1*(-5250)/315. Calculate the highest common factor of 675 and m.
25
Let z be (-838)/(-10) + 12/60. Let k = 8 - -4. What is the highest common divisor of k and z?
12
Let q be (-6)/9 + 98/21. Suppose -j + 87 = 3*y, 0 = -j + q - 1. Let v = -57 - -99. Calculate the highest common divisor of y and v.
14
Let j(x) = x**2 - 12*x + 24. Let q be j(-12). What is the greatest common factor of 24 and q?
24
Suppose -5*v - 38 = 42. Let m = v - -53. What is the highest common divisor of 37 and m?
37
Let a(z) = -z + 6. Let t be (6/(-5) - 0)/((-99)/330). Let r be a(t). What is the highest common factor of r and 2?
2
Let z = -16 + 20. Suppose -z*p + 5*c = p - 185, -225 = -5*p - 3*c. Calculate the greatest common factor of p and 56.
14
Suppose 53*s - 72 = 49*s. Calculate the highest common factor of 4 and s.
2
Let s be (45 - 35)*4/10. What is the highest common factor of s and 18?
2
Suppose 0 = -p + 4*f - 6*f - 7, -4*p + 24 = -5*f. What is the highest common divisor of p and 23?
1
Let n(m) = m**2 + 12*m - 13. Let k be n(-13). Suppose k = -3*l - 4*p + 71, 4*l = 3*l + 4*p - 3. Calculate the greatest common factor of 51 and l.
17
Suppose 39*a = 40*a - 3. Suppose -12 + a = 3*q, -4*z + 3*q + 37 = 0. Calculate the highest common divisor of z and 7.
7
Suppose -w + 5*j = 5, 0 = 3*w + 3*j - 49 + 10. What is the highest common divisor of w and 6?
2
Suppose 0 = 2*a - 96 - 522. What is the highest common factor of 412 and a?
103
Suppose -3*p + 201 = 3*t, p = t - 4*p - 43. Let q = 359 + -338. What is the greatest common factor of q and t?
21
Let o be (-66)/(-154) - (-104)/(-14). Let y be (3 - o/(-3))*15/2. What is the highest common factor of y and 5?
5
Let u = 537 + -529. What is the greatest common factor of 928 and u?
8
Let l(t) = 137*t + 9. Let z(f) = 4*f - 7 - 1 - 5 - 210*f. Let m(c) = -7*l(c) - 5*z(c). Let q be m(2). What is the highest common divisor of 18 and q?
18
Let s be -4*(-2)/28 + 2490/105. Let u(q) = q**3 - q**2 + 7*q - 4. Let m be u(-6). Let p = 514 + m. What is the highest common factor of s and p?
24
Let r(h) = h**2 + h - 14. Let w = -52 + 57. Let n be r(w). Calculate the highest common factor of n and 48.
16
Let l(k) = -66*k + 225. Let y be l(3). What is the highest common divisor of y and 783?
27
Suppose -9*r = -4*r + 3*a - 1338, 1342 = 5*r + 2*a. Calculate the highest common factor of r and 30.
30
Suppose -184 = -2*r - h - 3*h, 5*h = -5*r + 470. What is the greatest common factor of 12 and r?
12
Suppose 19*u - 372 = 312. Calculate the greatest common factor of 306 and u.
18
Let d = 18 - 13. Suppose g + 2 = 0, -5*f = -0*g + d*g + 55. Let z be ((-12)/36)/(1/f). What is the highest common factor of 3 and z?
3
Let t(h) = 7*h**2 + 20*h + 37. Let s be t(-3). Let g(v) = -v + 60. Let y be g(0). Calculate the greatest common divisor of y and s.
20
Let p be (-288)/(-56) - (-2)/(-14). Suppose -3*r + r + 8 = -4*x, -3*r + 56 = p*x. Let i = -13 - -25. Calculate the greatest common divisor of i and r.
12
Suppose -5*p + 1 = 21, -4*p = -3*d + 55. Calculate the highest common factor of 143 and d.
13
Let o = 111 - 21. Suppose 4*w - 76 = -3*g + 44, 0 = 3*w - g - o. Calculate the highest common factor of w and 80.
10
Suppose 0*t = t + 3*k + 9, -5*k - 15 = -4*t. Suppose -4*a - 8 = -t. Let g be (a - -1)/(2/(-124)). Calculate the highest common divisor of 155 and g.
31
Suppose -4*m + 360 = 8*m. Let i = -2 - -12. Calculate the highest common divisor of i and m.
10
Suppose -49*b = -5*t - 47*b + 100, -5*b = -5*t + 100. What is the highest common factor of 3020 and t?
20
Suppose 5*l + 25 = 0, 3*t - 5*l - 65 - 245 = 0. What is the greatest common factor of 19 and t?
19
Let a(q) = 6*q - 26. Let h be a(11). Suppose 0 = -0*t - 2*t + h. Let n(m) = -m + 50. Let s be n(0). Calculate the highest common factor of s and t.
10
Suppose -4*l = -6*l + 60. Let p(t) = t**3 + 9*t**2 + 18*t + 2. Let r be p(-6). Suppose 2*d = l - r. Calculate the highest common factor of 70 and d.
14
Let o(y) = -y**2 + 26*y - 105. Let r be o(6). Let c be -2 + (104 - (1 - 3)). Suppose c = 4*v - 136. Calculate the greatest common divisor of v and r.
15
Let l = 2109 - 2044. Let n(f) = -5*f - 2. Let m be n(-3). What is the greatest common factor of l and m?
13
Suppose -6 = -55*t + 53*t. Calculate the greatest common divisor of 11 and t.
1
Let